{"id":1442,"date":"2012-06-18T10:51:16","date_gmt":"2012-06-18T09:51:16","guid":{"rendered":"http:\/\/www.thorstenfaas.de\/?page_id=1442"},"modified":"2020-05-10T19:34:33","modified_gmt":"2020-05-10T18:34:33","slug":"2012-2","status":"publish","type":"page","link":"https:\/\/www.thorstenfaas.de\/?page_id=1442","title":{"rendered":"2012"},"content":{"rendered":"<h4 style=\"margin-top: 30px; margin-bottom: 20px;\">Monografien und Herausgeberschaften<\/h4>\n<ul>\n<li style=\"margin-top: 15px;\">Kai Arzheimer, Thorsten Faas, Ulrich Rosar, Sigrid Ro\u00dfteutscher (Hrsg.): Innovative Methoden der Wahl- und Einstellungsforschung, in: <em>methoden \u2013 daten \u2013 analysen: Zeitschrift f\u00fcr Empirische Sozialforschung (Themenheft)<\/em>, 6, 2012, S. 67\u2013244.<\/li>\n<\/ul>\n<h4 style=\"margin-top: 30px; margin-bottom: 20px;\">Beitr\u00e4ge in Fachzeitschriften mit Peer Review<\/h4>\n<ul>\n<li style=\"margin-top: 15px;\">Thorsten Faas, Johannes N. Blumenberg: Die Vermessung der Dynamik: Eine rollierende Panelstudie im Vorfeld der baden-w\u00fcrttembergischen Landtagswahl 2011, in: <em>methoden \u2013 daten \u2013 analysen: Zeitschrift f\u00fcr Empirische Sozialforschung<\/em>, 6, 2012, S. 157\u2013183.<\/li>\n<li style=\"margin-top: 15px;\">Kai Arzheimer, Thorsten Faas, Ulrich Rosar, Sigrid Ro\u00dfteutscher: Vorwort zum Sonderheft, in: <em>methoden \u2013 daten \u2013 analysen: Zeitschrift f\u00fcr Empirische Sozialforschung<\/em>, 6, 2012, S. 69\u201372.<\/li>\n<\/ul>\n<h4 style=\"margin-top: 30px; margin-bottom: 20px;\">Artikel in sonstigen Fachzeitschriften<\/h4>\n<ul>\n<li style=\"margin-top: 15px;\">Thorsten Faas: Thinking about Wahlpflicht: Anmerkungen zu einer \u00fcberf\u00e4lligen Diskussion, in: <em>Zeitschrift f\u00fcr Politikwissenschaft<\/em>, 22, 2012, S. 407-418.<\/li>\n<li style=\"margin-top: 15px;\">Johannes N. Blumenberg, Thorsten Faas: Abstimmung gut, alles gut? Einstellungen und Emotionen zu Stuttgart21, in: <em>Der B\u00fcrger im Staat<\/em>, 3\/2012, S. 182\u2013187.<\/li>\n<\/ul>\n<h4 style=\"margin-top: 30px; margin-bottom: 20px;\">Artikel in Sammelb\u00e4nden<\/h4>\n<ul>\n<li style=\"margin-top: 15px;\">Thorsten Faas: Arbeitslosigkeitserfahrungen in Ost- und Westdeutschland, in: Michael Borchard, Thomas Schrapel, Bernhard Vogel (Hrsg.): <em>Was ist Gerechtigkeit? Befunde im vereinten Deutschland<\/em>, K\u00f6ln: B\u00f6hlau, 2012, S. 173\u2013193.<\/li>\n<li style=\"margin-top: 15px;\">Marc Debus, Thorsten Faas: Die Piratenpartei in der ideologisch-programmatischen Parteienkonstellation Deutschlands: Das F\u00fcllen einer L\u00fccke? In: Oskar Niedermayer (Hrsg.): <em>Die Piratenpartei<\/em>, Wiesbaden: Springer VS, 2012, S. 189\u2013212.<\/li>\n<li style=\"margin-top: 15px;\">Thorsten Faas, Marc Debus: Die Piraten am Wahlomat: Programme und inhaltliche Standpunkte einer (relativ) neuen Partei, in: Christoph Bieber, Claus Leggewie (Hrsg.): <em>Unter Piraten: Erkundungen in einer neuen politischen Arena<\/em>, Bielefeld: transcript, 2012, S. 223\u2013232.<\/li>\n<\/ul>\n<h4 style=\"margin-top: 30px; margin-bottom: 20px;\">Sonstige Ver\u00f6ffentlichungen<\/h4>\n<ul>\n<li style=\"margin-top: 15px;\">Thorsten Faas: Ausgleichsmandate f\u00fcr alle! Au\u00dfer die Linke, in: <em>ZEIT ONLINE<\/em> vom 29. Oktober 2012, abrufbar unter: <a href=\"http:\/\/www.zeit.de\/politik\/deutschland\/2012-10\/neues-verfassungskonformes-wahlrecht\">http:\/\/www.zeit.de\/politik\/deutschland\/2012-10\/neues-verfassungskonformes-wahlrecht<\/a>.<\/li>\n<li style=\"margin-top: 15px;\">Thorsten Faas: Gerechte Teilhabe und (direkte) Demokratie, in: <em>Argumente 2\/2012 \u2013 Demokratie und Teilhabe<\/em>, Berlin, 2012, S. 29\u201332.<\/li>\n<li style=\"margin-top: 15px;\">Thorsten Faas: Das Erfolgsgeheimnis eines gr\u00fcnen \u00dcberfliegers, in: <em>Handelsblatt Online<\/em> vom 12. Mai 2012, abrufbar unter <a href=\"http:\/\/www.handelsblatt.com\/meinung\/gastbeitraege\/gastbeitrag-zu-kretschmann-das-erfolgsgeheimnis-eines-gruenen-ueberfliegers\/6617714.html\">http:\/\/www.handelsblatt.com\/meinung\/gastbeitraege\/gastbeitrag-zu-kretschmann-das-erfolgsgeheimnis-eines-gruenen-ueberfliegers\/6617714.html<\/a>.<\/li>\n<li style=\"margin-top: 15px;\">Thorsten Faas: Sind die Piraten Deutschlands Hoffnung? In: <em>Tagesspiegel<\/em>, 13. Mai 2012, S. 16, abrufbar unter <a href=\"http:\/\/www.tagesspiegel.de\/meinung\/sind-die-piraten-deutschlands-hoffnung\/6624570.html\">http:\/\/www.tagesspiegel.de\/meinung\/sind-die-piraten-deutschlands-hoffnung\/6624570.html<\/a>.<\/li>\n<\/ul>\n","protected":false},"excerpt":{"rendered":"<p>Monografien und Herausgeberschaften Kai Arzheimer, Thorsten Faas, Ulrich Rosar, Sigrid Ro\u00dfteutscher (Hrsg.): Innovative Methoden der Wahl- und Einstellungsforschung, in: methoden \u2013 daten \u2013 analysen: Zeitschrift f\u00fcr Empirische Sozialforschung (Themenheft), 6, 2012, S. 67\u2013244. Beitr\u00e4ge in Fachzeitschriften mit Peer Review Thorsten Faas, Johannes N. Blumenberg: Die Vermessung der Dynamik: Eine rollierende Panelstudie im Vorfeld der baden-w\u00fcrttembergischen [&hellip;]<\/p>\n","protected":false},"author":2,"featured_media":0,"parent":63,"menu_order":203,"comment_status":"open","ping_status":"open","template":"","meta":{"footnotes":""},"class_list":["post-1442","page","type-page","status-publish","hentry"],"_links":{"self":[{"href":"https:\/\/www.thorstenfaas.de\/index.php?rest_route=\/wp\/v2\/pages\/1442","targetHints":{"allow":["GET"]}}],"collection":[{"href":"https:\/\/www.thorstenfaas.de\/index.php?rest_route=\/wp\/v2\/pages"}],"about":[{"href":"https:\/\/www.thorstenfaas.de\/index.php?rest_route=\/wp\/v2\/types\/page"}],"author":[{"embeddable":true,"href":"https:\/\/www.thorstenfaas.de\/index.php?rest_route=\/wp\/v2\/users\/2"}],"replies":[{"embeddable":true,"href":"https:\/\/www.thorstenfaas.de\/index.php?rest_route=%2Fwp%2Fv2%2Fcomments&post=1442"}],"version-history":[{"count":0,"href":"https:\/\/www.thorstenfaas.de\/index.php?rest_route=\/wp\/v2\/pages\/1442\/revisions"}],"up":[{"embeddable":true,"href":"https:\/\/www.thorstenfaas.de\/index.php?rest_route=\/wp\/v2\/pages\/63"}],"wp:attachment":[{"href":"https:\/\/www.thorstenfaas.de\/index.php?rest_route=%2Fwp%2Fv2%2Fmedia&parent=1442"}],"curies":[{"name":"wp","href":"https:\/\/api.w.org\/{rel}","templated":true}]}}