{"id":1712,"date":"2013-03-25T22:53:04","date_gmt":"2013-03-25T21:53:04","guid":{"rendered":"http:\/\/www.thorstenfaas.de\/?page_id=1712"},"modified":"2020-05-13T17:10:18","modified_gmt":"2020-05-13T16:10:18","slug":"2013-2","status":"publish","type":"page","link":"https:\/\/www.thorstenfaas.de\/?page_id=1712","title":{"rendered":"2013"},"content":{"rendered":"<h4 style=\"margin-top: 30px; margin-bottom: 20px;\">Monografien und Herausgeberschaften<\/h4>\n<ul>\n<li style=\"margin-top: 15px;\">Thorsten Faas, Kai Arzheimer, Sigrid Ro\u00dfteutscher, Bernhard We\u00dfels (Hrsg.): <em>Koalitionen, Kandidaten, Kommunikation: Analysen zur Bundestagswahl 2009<\/em>, Wiesbaden: Springer VS, 2013.<\/li>\n<\/ul>\n<h4 style=\"margin-top: 30px; margin-bottom: 20px;\">Artikel in sonstigen Fachzeitschriften<\/h4>\n<ul>\n<li style=\"margin-top: 15px;\">Thorsten Faas: Der Atlantis-Effekt, in: <em>Berliner Republik<\/em>, 2\/2013, S. 6\u20137.<\/li>\n<\/ul>\n<h4 style=\"margin-top: 30px; margin-bottom: 20px;\">Artikel in Sammelb\u00e4nden<\/h4>\n<ul>\n<li style=\"margin-top: 15px;\">Thorsten Faas, Kai Arzheimer, Sigrid Ro\u00dfteutscher, Bernhard We\u00dfels: Koalitionen, Kandidaten, Kommunikation: Die (un)gew\u00f6hnliche Bundestagswahl vom 27. September 2009, in: Thorsten Faas, Kai Arzheimer, Sigrid Ro\u00dfteutscher, Bernhard We\u00dfels (Hrsg.): <em>Koalitionen, Kandidaten, Kommunikation: Analysen zur Bundestagswahl 2009<\/em>, Wiesbaden: Springer VS, 2013, S. 7\u201314.<\/li>\n<li style=\"margin-top: 15px;\">J\u00fcrgen Maier, Thorsten Faas, Michaela Maier: Mobilisierung durch Fernsehdebatten: Zum Einfluss des TV-Duells 2009 auf die politische Involvierung und die Partizipationsbereitschaft, in: Bernhard We\u00dfels, Harald Schoen, Oscar W. Gabriel (Hrsg.): <em>Wahlen und W\u00e4hler: Analysen aus Anlass der Bundestagswahl 2009<\/em>, Wiesbaden: Springer VS, 2013, S. 79\u201396.<\/li>\n<li style=\"margin-top: 15px;\">Thorsten Faas: Dynamik und Hintergr\u00fcnde des Informationsverhaltens der B\u00fcrgerinnen und B\u00fcrger im Vorfeld des Volksentscheids zu Stuttgart 21, in: Andreas Auer, Katharina Holzinger (Hrsg.): <em>Gegenseitige Blicke \u00fcber die Grenze: B\u00fcrgerbeteiligung und direkte Demokratie in Deutschland und der Schweiz<\/em>, Baden-Baden: Nomos, 2013, S. 105\u2013123.<\/li>\n<li style=\"margin-top: 15px;\">Thorsten Faas: Im S\u00fcdwesten nichts Neues? Von wegen! Zwei Jahre Baden-W\u00fcrttemberg im Lichte von Bev\u00f6lkerungsumfragen, in: Heinrich-B\u00f6ll-Stiftung (Hrsg.): <em>Experiment B\u00fcrgerbeteiligung: Das Beispiel Baden-W\u00fcrttemberg<\/em>, Berlin: Heinrich-B\u00f6ll-Stiftung, 2013, S. 22\u201335.<\/li>\n<li style=\"margin-top: 15px;\">Johannes N. Blumenberg, Thorsten Faas: Stuttgart 21: Einstellungen und Emotionen, in: Uwe Wagschal, Ulrich Eith, Michael Wehner (Hrsg.): <em>Der historische Machtwechsel: Gr\u00fcn-Rot in Baden-W\u00fcrttemberg<\/em>, Baden-Baden: Nomos, 2013, S. 229\u2013246.<\/li>\n<li style=\"margin-top: 15px;\">Thorsten Faas, Johannes N. Blumenberg: Jenseits der Volksabstimmung: Einstellungen zu \u201aStuttgart 21\u2018 und der Demokratie in Baden-W\u00fcrttemberg, 2010-2012, in: Frank Brettschneider, Wolfgang Schuster (Hrsg.): <em>Stuttgart 21: Ein Gro\u00dfprojekt zwischen Protest und Akzeptanz<\/em>, Wiesbaden: Springer VS, 2013, S. 299\u2013315.<\/li>\n<li style=\"margin-top: 15px;\">Thorsten Faas: Quo vadis, Wohlfahrtsstaat? Erfahrungen von Arbeitslosigkeit und Demokratiezufriedenheit im europ\u00e4ischen Vergleich, in: Christopher Daase, Stefan Engert, Julian Junk (Hrsg.): <em>Verunsicherte Gesellschaft \u2013 \u00fcberforderter Staat: Zum Wandel der Sicherheitskultur<\/em>, Frankfurt am Main: Campus, 2013, S. 299\u2013316.<\/li>\n<li style=\"margin-top: 15px;\">Thorsten Faas: Wahlbeteiligung, in: Jan W. van Deth, Markus Tausendpfund (Hrsg.): <em>Politik im Kontext: Individuelle und kontextuelle Determinanten politischer Orientierungen<\/em>, Wiesbaden: Springer VS, 2013, S. 413\u2013440.<\/li>\n<\/ul>\n<h4 style=\"margin-top: 30px; margin-bottom: 20px;\">Sonstige Ver\u00f6ffentlichungen<\/h4>\n<ul>\n<li style=\"margin-top: 15px;\">J\u00fcrgen Maier, Michaela Maier, Thorsten Faas: <em>Wortlaut der Fernsehdebatte zur Bundestagswahl am 22. September 2013<\/em> (Arbeitspapiere und Dokumentationen des Forschungsschwerpunkts \u201eKommunikation, Medien und Politik\u201c, Nr. 40\/2013), Landau, 2013.<\/li>\n<li style=\"margin-top: 15px;\">Thorsten Faas, J\u00fcrgen Maier, Michaela Maier: <em>Wortlaut des TV-Dreikampfs zur Bundestagswahl am 22. September 2013<\/em> (Arbeitspapiere und Dokumentationen des Forschungsschwerpunkts \u201eKommunikation, Medien und Politik\u201c, Nr. 43\/2013), Landau, 2013.<\/li>\n<li style=\"margin-top: 15px;\">Thorsten Faas, Daniela Hohmann: Digitale Netzwerke \u2013 Facebook als Herausforderung f\u00fcr die Politik 2.0, in: <em>Forum Kommunalpolitik <\/em>17 (1), 2013, S. 10\u201312.<\/li>\n<li style=\"margin-top: 15px;\">Thorsten Faas: Lernen aus der Bundestagswahl, in: <em>ZEIT Online<\/em> vom 23. September 2013, abrufbar unter: http:\/\/blog.zeit.de\/zweitstimme\/2013\/09\/23\/lernen-aus-der-bundestagswahl\/.<\/li>\n<li style=\"margin-top: 15px;\">Thorsten Faas: Die sp\u00e4ten Zahlen und die Folgen, in: <em>Cicero Online<\/em> vom 21. September 2013, abrufbar unter http:\/\/www.cicero.de\/berliner-republik\/demoskopie-der-tabubruch-des-zdf-und-seine-folgen\/55871.<\/li>\n<li style=\"margin-top: 15px;\">Thorsten Faas: Das FDP-Problem der Demoskopen, in: <em>Cicero Online<\/em> vom 20. September 2013, abrufbar unter http:\/\/www.cicero.de\/berliner-republik\/statistik-und-umfragen-das-fdp-problem-der-demoskopen\/55866.<\/li>\n<li style=\"margin-top: 15px;\">Thorsten Faas: Bundestagswahl \u2013 Entscheidung im Netz, in: <em>Deutsche Welle Online<\/em> am 19. September 2013, abrufbar unter: http:\/\/www.dw.de\/bundestagswahl-entscheidung-im-netz\/a-17092633.<\/li>\n<li style=\"margin-top: 15px;\">Thorsten Faas: Wenn Migranten den Ton angeben d\u00fcrften, in: <em>Deutsche Welle Online<\/em> am 11. September 2013, abrufbar unter: http:\/\/www.dw.de\/wenn-migranten-den-ton-angeben-d{3426474b3f9f8d29c29a745addee9efa84dd37b71a1af316c98e4bc6cc0a8cdd}C3{3426474b3f9f8d29c29a745addee9efa84dd37b71a1af316c98e4bc6cc0a8cdd}BCrften\/a-17038988.<\/li>\n<li style=\"margin-top: 15px;\">Thorsten Faas: Medienspektakel oder ernsthafte Wahlhilfe? In: <em>Deutsche Welle Online<\/em> am 3. September 2013, abrufbar unter: http:\/\/www.dw.de\/medienspektakel-oder-ernsthafte-wahlhilfe\/a-17055268.<\/li>\n<li style=\"margin-top: 15px;\">Thorsten Faas: Editorial, in: <em>marktforschung.dossier: Wahlforschung \u2013 Basisdemokratie oder Datendiktatur<\/em>? September 2013, abrufbar unter: http:\/\/www.marktforschung.de\/ marktforschungdossier\/basisdemokratie-oder-datendiktatur-wahlforschung\/.<\/li>\n<li style=\"margin-top: 15px;\">Thorsten Faas, Christoph Seils: Cicero-Wahlkampfindex: Mehr Demoskopie wagen, in: <em>Cicero Online<\/em> vom 22. Juli 2013, abrufbar unter http:\/\/www.cicero.de\/berliner-republik\/mehr-demoskopie-wagen\/55139 (weitere Artikel zum Cicero-Wahlkampfindex hier: http:\/\/www.cicero.de\/autoren\/faas-thorsten).<\/li>\n<li style=\"margin-top: 15px;\">Thorsten Faas: Entscheiden Demoskopen die Wahl? In: <em>Cicero Online<\/em> vom 24. Mai 2013, abrufbar unter http:\/\/www.cicero.de\/berliner-republik\/entscheiden-demoskopen-die-wahl\/54528.<\/li>\n<li style=\"margin-top: 15px;\">Thorsten Faas: Risiken der Demoskopie, in: <em>S\u00fcdwestpresse Ulm<\/em> vom 30. Januar 2013, S. 4.<\/li>\n<\/ul>\n","protected":false},"excerpt":{"rendered":"<p>Monografien und Herausgeberschaften Thorsten Faas, Kai Arzheimer, Sigrid Ro\u00dfteutscher, Bernhard We\u00dfels (Hrsg.): Koalitionen, Kandidaten, Kommunikation: Analysen zur Bundestagswahl 2009, Wiesbaden: Springer VS, 2013. Artikel in sonstigen Fachzeitschriften Thorsten Faas: Der Atlantis-Effekt, in: Berliner Republik, 2\/2013, S. 6\u20137. Artikel in Sammelb\u00e4nden Thorsten Faas, Kai Arzheimer, Sigrid Ro\u00dfteutscher, Bernhard We\u00dfels: Koalitionen, Kandidaten, Kommunikation: Die (un)gew\u00f6hnliche Bundestagswahl vom [&hellip;]<\/p>\n","protected":false},"author":2,"featured_media":0,"parent":63,"menu_order":202,"comment_status":"closed","ping_status":"open","template":"","meta":{"footnotes":""},"class_list":["post-1712","page","type-page","status-publish","hentry"],"_links":{"self":[{"href":"https:\/\/www.thorstenfaas.de\/index.php?rest_route=\/wp\/v2\/pages\/1712","targetHints":{"allow":["GET"]}}],"collection":[{"href":"https:\/\/www.thorstenfaas.de\/index.php?rest_route=\/wp\/v2\/pages"}],"about":[{"href":"https:\/\/www.thorstenfaas.de\/index.php?rest_route=\/wp\/v2\/types\/page"}],"author":[{"embeddable":true,"href":"https:\/\/www.thorstenfaas.de\/index.php?rest_route=\/wp\/v2\/users\/2"}],"replies":[{"embeddable":true,"href":"https:\/\/www.thorstenfaas.de\/index.php?rest_route=%2Fwp%2Fv2%2Fcomments&post=1712"}],"version-history":[{"count":0,"href":"https:\/\/www.thorstenfaas.de\/index.php?rest_route=\/wp\/v2\/pages\/1712\/revisions"}],"up":[{"embeddable":true,"href":"https:\/\/www.thorstenfaas.de\/index.php?rest_route=\/wp\/v2\/pages\/63"}],"wp:attachment":[{"href":"https:\/\/www.thorstenfaas.de\/index.php?rest_route=%2Fwp%2Fv2%2Fmedia&parent=1712"}],"curies":[{"name":"wp","href":"https:\/\/api.w.org\/{rel}","templated":true}]}}