{"id":2161,"date":"2015-05-25T11:15:59","date_gmt":"2015-05-25T10:15:59","guid":{"rendered":"http:\/\/www.thorstenfaas.de\/?page_id=2161"},"modified":"2016-03-07T23:06:49","modified_gmt":"2016-03-07T22:06:49","slug":"2015-2","status":"publish","type":"page","link":"https:\/\/www.thorstenfaas.de\/?page_id=2161","title":{"rendered":"2015"},"content":{"rendered":"<h4 style=\"margin-top: 30px; margin-bottom: 20px;\">Beitr\u00e4ge zu Fachkonferenzen<\/h4>\n<ul>\n<li style=\"margin-top: 15px;\">Christina Eder, Thorsten Faas: Gegen den Bahnhof = f\u00fcr gr\u00fcn-rot? Eine Analyse des Abstimmungsverhaltens beim Volksentscheid zu Stuttgart 21 in Baden-W\u00fcrttemberg 2011 \u2013 Paper pr\u00e4sentiert auf der Jahrestagung des Arbeitskreises \u201eWahlen und politische Einstellungen\u201c der Deutschen Vereinigung f\u00fcr Politische Wissenschaft (DVPW) zum Thema \u201eNichtwahl &#038; non-elektorale Formen politischer Partizipation im Spiegel der Wahl- und Einstellungsforschung\u201c in D\u00fcsseldorf, Juni 2015.<\/li>\n<li style=\"margin-top: 15px;\">Daniela Hohmann, Thorsten Faas: Ein altes Wahlkampfinstrument im neuen Glanz: Welchen Beitrag k\u00f6nnen Haust\u00fcrbesuche zur Mobilisierung von W\u00e4hlern leisten? Analysen aus einem Feldexperiment im Kontext der Mainzer Kommunalwahl 2014 \u2013 Paper pr\u00e4sentiert auf der Jahrestagung des Arbeitskreises \u201eWahlen und politische Einstellungen\u201c der Deutschen Vereinigung f\u00fcr Politische Wissenschaft (DVPW) zum Thema \u201eNichtwahl &#038; non-elektorale Formen politischer Partizipation im Spiegel der Wahl- und Einstellungsforschung\u201c in D\u00fcsseldorf, Juni 2015.<\/li>\n<li style=\"margin-top: 15px;\">J\u00fcrgen Maier, Thorsten Faas, Berthold Rittberger: Debating Europe. Effects of the Eurovision debate on EU Policy Attitudes of Young German and the moderating role played by political involvement &#8211; Paper pr\u00e4sentiert auf dem Workshop &#8222;Access Europe: The European Elections 2014&#8220; in Amsterdam, M\u00e4rz 2015<\/li>\n<\/ul>\n<h4 style=\"margin-top: 30px; margin-bottom: 20px;\">Sonstige Vortr\u00e4ge<\/h4>\n<ul>\n<li style=\"margin-top: 15px;\">Thorsten Faas: Zahlen, Zahlen, Zahlen: \u00dcber die Rolle von Demoskopie im Wahlkampf \u2013 Vortrag gehalten beim Marienthaler Forum in Altenkirchen, November 2015.<\/li>\n<li style=\"margin-top: 15px;\">Thorsten Faas: B\u00fcrgerbeteiligung und wissenschaftliche Evaluation \u2013 Vortrag gehalten im Rahmen der Fachtagung \u201ePolitik mit B\u00fcrgern \u2013 Politik f\u00fcr B\u00fcrger: Praxis und Perspektiven einer neuen Beteiligungskultur\u201c in der Staatskanzlei Rheinland-Pfalz in Mainz, Juni 2015.<\/li>\n<li style=\"margin-top: 15px;\">Thorsten Faas: Herausforderung Wahlbeteiligung &#8211; Vortrag gehalten bei GESIS in Mannheim, April 2015<\/li>\n<\/ul>\n","protected":false},"excerpt":{"rendered":"<p>Beitr\u00e4ge zu Fachkonferenzen Christina Eder, Thorsten Faas: Gegen den Bahnhof = f\u00fcr gr\u00fcn-rot? Eine Analyse des Abstimmungsverhaltens beim Volksentscheid zu Stuttgart 21 in Baden-W\u00fcrttemberg 2011 \u2013 Paper pr\u00e4sentiert auf der Jahrestagung des Arbeitskreises \u201eWahlen und politische Einstellungen\u201c der Deutschen Vereinigung f\u00fcr Politische Wissenschaft (DVPW) zum Thema \u201eNichtwahl &#038; non-elektorale Formen politischer Partizipation im Spiegel der [&hellip;]<\/p>\n","protected":false},"author":2,"featured_media":0,"parent":67,"menu_order":0,"comment_status":"closed","ping_status":"open","template":"","meta":{"footnotes":""},"class_list":["post-2161","page","type-page","status-publish","hentry"],"_links":{"self":[{"href":"https:\/\/www.thorstenfaas.de\/index.php?rest_route=\/wp\/v2\/pages\/2161","targetHints":{"allow":["GET"]}}],"collection":[{"href":"https:\/\/www.thorstenfaas.de\/index.php?rest_route=\/wp\/v2\/pages"}],"about":[{"href":"https:\/\/www.thorstenfaas.de\/index.php?rest_route=\/wp\/v2\/types\/page"}],"author":[{"embeddable":true,"href":"https:\/\/www.thorstenfaas.de\/index.php?rest_route=\/wp\/v2\/users\/2"}],"replies":[{"embeddable":true,"href":"https:\/\/www.thorstenfaas.de\/index.php?rest_route=%2Fwp%2Fv2%2Fcomments&post=2161"}],"version-history":[{"count":0,"href":"https:\/\/www.thorstenfaas.de\/index.php?rest_route=\/wp\/v2\/pages\/2161\/revisions"}],"up":[{"embeddable":true,"href":"https:\/\/www.thorstenfaas.de\/index.php?rest_route=\/wp\/v2\/pages\/67"}],"wp:attachment":[{"href":"https:\/\/www.thorstenfaas.de\/index.php?rest_route=%2Fwp%2Fv2%2Fmedia&parent=2161"}],"curies":[{"name":"wp","href":"https:\/\/api.w.org\/{rel}","templated":true}]}}

<h4 style="margin-top: 30px; margin-bottom: 20px;">Beiträge zu Fachkonferenzen</h4>
<ul>
<li style="margin-top: 15px;">Christina Eder, Thorsten Faas: Gegen den Bahnhof = für grün-rot? Eine Analyse des Abstimmungsverhaltens beim Volksentscheid zu Stuttgart 21 in Baden-Württemberg 2011 – Paper präsentiert auf der Jahrestagung des Arbeitskreises „Wahlen und politische Einstellungen“ der Deutschen Vereinigung für Politische Wissenschaft (DVPW) zum Thema „Nichtwahl &#038; non-elektorale Formen politischer Partizipation im Spiegel der Wahl- und Einstellungsforschung“ in Düsseldorf, Juni 2015.</li>
<li style="margin-top: 15px;">Daniela Hohmann, Thorsten Faas: Ein altes Wahlkampfinstrument im neuen Glanz: Welchen Beitrag können Haustürbesuche zur Mobilisierung von Wählern leisten? Analysen aus einem Feldexperiment im Kontext der Mainzer Kommunalwahl 2014 – Paper präsentiert auf der Jahrestagung des Arbeitskreises „Wahlen und politische Einstellungen“ der Deutschen Vereinigung für Politische Wissenschaft (DVPW) zum Thema „Nichtwahl &#038; non-elektorale Formen politischer Partizipation im Spiegel der Wahl- und Einstellungsforschung“ in Düsseldorf, Juni 2015.</li>
<li style="margin-top: 15px;">Jürgen Maier, Thorsten Faas, Berthold Rittberger: Debating Europe. Effects of the Eurovision debate on EU Policy Attitudes of Young German and the moderating role played by political involvement &#8211; Paper präsentiert auf dem Workshop &#8222;Access Europe: The European Elections 2014&#8220; in Amsterdam, März 2015</li>
</ul>
<h4 style="margin-top: 30px; margin-bottom: 20px;">Sonstige Vorträge</h4>
<ul>
<li style="margin-top: 15px;">Thorsten Faas: Zahlen, Zahlen, Zahlen: Über die Rolle von Demoskopie im Wahlkampf – Vortrag gehalten beim Marienthaler Forum in Altenkirchen, November 2015.</li>
<li style="margin-top: 15px;">Thorsten Faas: Bürgerbeteiligung und wissenschaftliche Evaluation – Vortrag gehalten im Rahmen der Fachtagung „Politik mit Bürgern – Politik für Bürger: Praxis und Perspektiven einer neuen Beteiligungskultur“ in der Staatskanzlei Rheinland-Pfalz in Mainz, Juni 2015.</li>
<li style="margin-top: 15px;">Thorsten Faas: Herausforderung Wahlbeteiligung &#8211; Vortrag gehalten bei GESIS in Mannheim, April 2015</li>
</ul>

<p>Beiträge zu Fachkonferenzen Christina Eder, Thorsten Faas: Gegen den Bahnhof = für grün-rot? Eine Analyse des Abstimmungsverhaltens beim Volksentscheid zu Stuttgart 21 in Baden-Württemberg 2011 – Paper präsentiert auf der Jahrestagung des Arbeitskreises „Wahlen und politische Einstellungen“ der Deutschen Vereinigung für Politische Wissenschaft (DVPW) zum Thema „Nichtwahl &#038; non-elektorale Formen politischer Partizipation im Spiegel der [&hellip;]</p>
